3*d + 0*d + d**3 - 7 + 5*d. Calculate the remainder when 131 is divided by g(-5).
32
Suppose 0 = 5*d + 25, 5*o - 4*d = 4*o + 42. Let r(m) = m - 6. Let x be r(8). Let s(j) = j**3 + 2*j**2 - j - 2. What is the remainder when o is divided by s(x)?
10
Suppose -5*g - 2 - 2 = -d, 0 = 2*d + 2*g - 68. What is the remainder when 55 is divided by d?
26
Let h(v) = -16*v**3 + 2*v**2 - v. Let i be h(1). Let b be i/(-6)*12/15. Suppose 1 = b*f - 17. What is the remainder when 16 is divided by f?
7
Let v(y) = -y**3 + 3*y**2 + 7*y + 2. Let i = -57 + 98. Calculate the remainder when i is divided by v(4).
13
Suppose 3*i - 148 = 2. What is the remainder when i is divided by 17?
16
Let u be 210/(-27) - 2/9. Let b = u + 32. Calculate the remainder when b is divided by 13.
11
Let q(t) = -4*t**3 - 2*t**2 + 3*t + 2. Let f be q(-2). Let m = f + 5. Suppose -2*v - 10 = -28. Calculate the remainder when m is divided by v.
7
Let o(f) = f**2 + 1 + 0*f**3 + 12*f**3 - 2. Suppose 9*v + 9 = 18. What is the remainder when 22 is divided by o(v)?
10
Let o(d) = 13*d**3 + 2*d**2 - 2*d + 1. Let b be o(1). Let m = -5 + b. What is the remainder when m is divided by 5?
4
Suppose 0 = k + 2 - 11. Let q be -6*4/(-6) + 2. Calculate the remainder when 38 is divided by 20/3*k/q.
8
Suppose 0 = 2*g - 6*g. Calculate the remainder when 7 is divided by 6 - ((0 - -2) + g).
3
Let y = 4 + -2. Suppose y*x - 12 = -2*x. Suppose 2*w + 34 = 4*w - 4*o, 5*o = -x*w + 7. Calculate the remainder when 25 is divided by w.
7
Suppose -y - 5*k = -4, 5*y + k - 47 = 3*k. Calculate the remainder when y is divided by 4.
1
Calculate the remainder when ((-908)/(-16))/(2/8) is divided by 46.
43
Let r be (-25)/10*6/(-5). Suppose 0*m + 84 = r*m. What is the remainder when m is divided by 10?
8
Let y = 22 - 8. Suppose y - 109 = -5*i. Calculate the remainder when 55 is divided by i.
17
Let h be 1 + 2 + 0 - 1. Suppose 0*d = -h*d. Suppose -u + 11 + 8 = d. Calculate the remainder when 37 is divided by u.
18
Suppose 2*m - 3*m = -2*p + 22, -p + 5*m + 29 = 0. Suppose -363 = -14*n - 125. What is the remainder when n is divided by p?
8
Let u(b) = b**2 + b - 4. Let q be u(-3). Let n = q - -10. Calculate the remainder when 23 is divided by n.
11
Suppose -a - 93 = -5*u + 3*a, 5*u = 2*a + 99. What is the remainder when 98/u - (-4)/(-6) is divided by 3?
1
Let x be 1*4*65/4. Suppose 5*o = -0*o + x. Calculate the remainder when 38 is divided by o.
12
Suppose 0 = -g - 0*g + 4*s + 12, -76 = -3*g + 2*s. Calculate the remainder when g is divided by 15.
13
Suppose -k + 5*u = -3*k + 113, -5*k + 293 = 2*u. Let j(o) = o + 7. Let h be j(-6). Suppose h + 19 = f. What is the remainder when k is divided by f?
19
Let z(m) be the third derivative of -m**6/120 - 7*m**5/60 - m**4/24 + m**3/6 - 3*m**2. Calculate the remainder when z(-7) is divided by 3.
2
Let u be (-1158)/(-8) + 1/4. Suppose -2*t + u = 3*t. Calculate the remainder when t is divided by 15 + 0 - -2 - (5 - 4).
13
Let o(r) = r**2 + r + 32. Calculate the remainder when 93 is divided by o(0).
29
Suppose 3*l + 19 - 109 = 0. Suppose 0 = -9*r + 14*r - 400. Suppose -s - 4*s = -r. Calculate the remainder when l is divided by s.
14
Let f be (-21)/14 + (-58)/(-4). Let v be (-2)/((2 + -5)/6). Let r = v + f. What is the remainder when 32 is divided by r?
15
Let h(x) = x**3 + 5*x**2 + 3*x + 1. Calculate the remainder when 18 is divided by h(-4).
3
Suppose -125 = -5*l + d - 4, -21 = -l + d. What is the remainder when l is divided by 13?
12
Let v be 1 + (-3)/(1 - 4). Suppose -3*z + v*x = -64, -4*z + 88 = -x - 3*x. Suppose 0 = 5*l - 3*l - z. Calculate the remainder when l is divided by 6.
4
Let o(q) = 2*q**3 + 5*q**2 - 2*q - 2. Calculate the remainder when o(3) is divided by 23.
22
Suppose w + w = 0. Suppose 4*s - 1 - 26 = 3*k, w = -2*s - 3*k + 27. What is the remainder when s is divided by 6?
3
Suppose c - 84 = -3*s + 32, -3*c = -4*s + 159. What is the remainder when 233 is divided by s?
38
Let w be (4/(-8))/((-2)/68). Let k = w + -7. What is the remainder when 29 is divided by k?
9
Suppose 3*u = -i + 80, 10*i = 5*i - 5. What is the remainder when 106 is divided by u?
25
Calculate the remainder when 75 is divided by (-7)/35 - ((-46)/5 - 2).
9
Suppose -5*d = -75 - 0. What is the remainder when 58 is divided by d?
13
Let h(y) = y**3 + 6*y**2 - y + 2. Let p(u) = -6*u**2. Let x be p(-1). Calculate the remainder when h(x) is divided by 3.
2
Suppose 0 = -2*d + d - 5*z - 108, 0 = 5*d - 2*z + 459. What is the remainder when (d*(-2 + 3))/(-1) is divided by 24?
21
Let r = 11 - 7. Suppose r*z - 36 = -4*f, -5*z - 3*f + 61 - 14 = 0. Let s(i) = i**2 - 4*i - 14. What is the remainder when s(-4) is divided by z?
8
Let y = 35 + -17. Suppose q + 16 = 5*q. Suppose q*i + 38 = 3*n, 3*n + 0*i - 28 = -i. Calculate the remainder when y is divided by n.
8
Let h = -4 + 20. Calculate the remainder when h is divided by 2.
0
Let l(w) = -w + 1. Let c be l(-1). Suppose -c*m - 2*k + 18 = -k, 0 = 3*m - 3*k - 45. What is the remainder when ((-8)/3)/(2/(-15)) is divided by m?
9
Let h be 11 + -10 + 43*2. Suppose 0 = -n + 3*v + 25, -h = -5*n + 2*v - 6*v. What is the remainder when 35 is divided by n?
16
Let k be ((-4)/(-3))/(1/39). Suppose p = 5*p - k. Calculate the remainder when p is divided by 7.
6
Let d(h) = -h**3 + 8*h**2 - 2*h + 4. Let t be d(6). Suppose 4*n + 173 = 5*j, -6*j + t = -4*j + n. What is the remainder when 96 is divided by j?
30
Suppose -49*d + 200 = -45*d. What is the remainder when d is divided by 17?
16
Let j = -7 + 5. Let z = 18 + j. Calculate the remainder when 31 is divided by z.
15
Let v(a) = a**3 - 4*a**2 + a - 1. Let i be v(4). Suppose -2*y + 32 = -5*j, y + i*j - 16 = -0*y. What is the remainder when 7/42 - 173/(-6) is divided by y?
13
Suppose -3*p = 3*r - 7*r - 7, -2*p + 4 = -2*r. What is the remainder when 3 is divided by p?
0
Suppose -2*j - j = -96. Suppose j = 8*o - 4*o. Calculate the remainder when 22 is divided by o.
6
Suppose h = 20 - 5. Let x(u) be the second derivative of 4*u**3/3 - 2*u**2 + u. What is the remainder when x(4) is divided by h?
13
What is the remainder when 171/12 + (-6)/24 is divided by 8?
6
Calculate the remainder when 9 is divided by (3 - 4/(-1))*1.
2
What is the remainder when 10 is divided by -3 - ((-10)/2 - 2)?
2
Let l(n) = -n**2 - 10*n - 15. What is the remainder when 52 is divided by l(-6)?
7
Suppose -4*h - 4 = -2*h, 4*h = 4*z + 4. Let u = 3 + z. Suppose s - 6 + 0 = u. Calculate the remainder when 10 is divided by s.
4
Suppose -5*l + 108 = -l. What is the remainder when l is divided by 6?
3
Let v(o) = o**3 - 4*o**2 - 4*o - 1. Calculate the remainder when 13 is divided by v(5).
1
Suppose 4*y - 32 = -4*i, 2*y + 2*y + 8 = 0. Let v = 45 - 27. Calculate the remainder when v is divided by i.
8
Suppose 3*y - 44 = -y - 4*z, -13 = -y - 2*z. Let q(t) = t + 6. What is the remainder when 29 is divided by q(y)?
14
Let b be 2/(-3) + 2/3. Suppose b = 3*g - 3*w, -5*g + 0*w - 4*w + 18 = 0. Suppose -3*s = -g*s - 16. What is the remainder when s is divided by 6?
4
Let w = 61 - 13. What is the remainder when w is divided by 3?
0
Suppose 3*m - 27 = 3. Suppose 0 = -8*v + 6*v + 104. What is the remainder when v is divided by 264/15 + 4/m?
16
Let w(u) = 2*u + 9. Let y(p) = 3*p + 17. Let j(k) = -5*w(k) + 3*y(k). What is the remainder when 20 is divided by j(-5)?
9
Suppose 0 = -4*r + 4*z + 40, 0 = 5*r - 2*z - 40 - 16. What is the remainder when 32 is divided by r?
8
Let q(g) = 3*g**2 - 6*g - 10. Calculate the remainder when q(7) is divided by (22/7 + -4)*-28.
23
Suppose 10 = 2*b, -7*b + 58 = w - 2*b. What is the remainder when w is divided by 17?
16
Suppose 4*g + 10 = b, 4*b = -b - 5*g. Let c be 0/(b/(-2)) - -18. Let d = c + -13. What is the remainder when 9 is divided by d?
4
Let s = 2 - 0. Suppose a + 2*j = 3 + 4, 5*j = s*a - 41. Calculate the remainder when a is divided by 4.
1
Suppose -9 = -10*o + 9*o. Suppose 5*u - 3*x - 22 - 69 = 0, u = -x + 15. Calculate the remainder when u is divided by o.
8
Let n = -21 + 35. Suppose -p = -3*h - 15, 0*p - n = -p + 4*h. What is the remainder when p is divided by 4?
2
Suppose -4*t + 10 = t. Suppose -3*c - t*c + 20 = 0. Calculate the remainder when c is divided by 3.
1
Suppose 2*q = -3*q + 10. Suppose q = -v + 8. Suppose -3*h + 6*h = 48. What is the remainder when h i